?
1
What is the ten millions digit of 822663796?
2
What is the hundred millions digit of 115834728?
1
What is the thousands digit of 13928796?
8
What is the tens digit of 69644449?
4
What is the thousands digit of 4167311690?
1
What is the hundred thousands digit of 631919920?
9
What is the hundred millions digit of 381154903?
3
What is the ten thousands digit of 5011009?
1
What is the hundred thousands digit of 839822692?
8
What is the ten thousands digit of 789220200?
2
What is the thousands digit of 1337982300?
2
What is the ten millions digit of 1320389972?
2
What is the ten thousands digit of 1327762907?
6
What is the thousands digit of 59550318?
0
What is the hundreds digit of 22302980?
9
What is the hundreds digit of 333802174?
1
What is the billions digit of 1375754682?
1
What is the hundred millions digit of 249003888?
2
What is the ten millions digit of 212984186?
1
What is the hundred millions digit of 381917766?
3
What is the millions digit of 40576655?
0
What is the millions digit of 76266470?
6
What is the hundred thousands digit of 205737031?
7
What is the units digit of 961949221?
1
What is the ten millions digit of 142961321?
4
What is the tens digit of 44873876?
7
What is the thousands digit of 2084744683?
4
What is the tens digit of 1574016626?
2
What is the units digit of 1313484088?
8
What is the millions digit of 947595481?
7
What is the hundreds digit of 213070614?
6
What is the ten millions digit of 16394968?
1
What is the units digit of 49952024?
4
What is the units digit of 25947191?
1
What is the ten thousands digit of 488108107?
0
What is the hundred millions digit of 1226407799?
2
What is the ten thousands digit of 710204808?
0
What is the thousands digit of 416617083?
7
What is the hundred millions digit of 115191150?
1
What is the tens digit of 83338418?
1
What is the thousands digit of 917617590?
7
What is the thousands digit of 398922629?
2
What is the hundred thousands digit of 97679640?
6
What is the ten thousands digit of 351036230?
3
What is the tens digit of 40057808?
0
What is the hundred thousands digit of 26820616?
8
What is the hundreds digit of 32930376?
3
What is the thousands digit of 87037925?
7
What is the thousands digit of 731630140?
0
What is the millions digit of 117973260?
7
What is the billions digit of 1500154403?
1
What is the ten thousands digit of 138097512?
9
What is the ten thousands digit of 221210315?
1
What is the ten thousands digit of 73607945?
0
What is the tens digit of 2768057794?
9
What is the hundred thousands digit of 47582606?
5
What is the hundred thousands digit of 2756110102?
1
What is the thousands digit of 27558163?
8
What is the thousands digit of 217636173?
6
What is the ten thousands digit of 514554130?
5
What is the thousands digit of 453485419?
5
What is the ten thousands digit of 2137934583?
3
What is the tens digit of 28254983?
8
What is the thousands digit of 87588621?
8
What is the tens digit of 35682359?
5
What is the ten thousands digit of 1482320670?
2
What is the units digit of 1371274185?
5
What is the hundreds digit of 231096317?
3
What is the units digit of 1609626139?
9
What is the thousands digit of 62687152?
7
What is the tens digit of 183265514?
1
What is the hundred millions digit of 110970327?
1
What is the hundred thousands digit of 127248883?
2
What is the ten thousands digit of 172880019?
8
What is the ten thousands digit of 293652797?
5
What is the ten millions digit of 369474058?
6
What is the hundred thousands digit of 4297959485?
9
What is the millions digit of 698095170?
8
What is the hundreds digit of 4800156330?
3
What is the hundreds digit of 290371046?
0
What is the units digit of 308540548?
8
What is the billions digit of 1031749321?
1
What is the hundreds digit of 931043348?
3
What is the tens digit of 42848135?
3
What is the thousands digit of 1973420873?
0
What is the billions digit of 2035424819?
2
What is the millions digit of 4638255?
4
What is the units digit of 204485124?
4
What is the hundred thousands digit of 48171431?
1
What is the tens digit of 52121360?
6
What is the ten millions digit of 951905208?
5
What is the thousands digit of 47415467?
5
What is the hundred thousands digit of 118711690?
7
What is the hundreds digit of 1144192477?
4
What is the hundreds digit of 5115046088?
0
What is the units digit of 3480593215?
5
What is the millions digit of 4268715605?
8
What is the ten thousands digit of 1219733364?
3
What is the millions digit of 822932267?
2
What is the units digit of 275131406?
6
What is the hundred thousands digit of 664186995?
1
What is the hundreds digit of 1046034841?
8
What is the thousands digit of 2626324208?
4
What is the ten thousands digit of 40400047?
0
What is the ten thousands digit of 93541494?
4
What is the billions digit of 5683266910?
5
What is the units digit of 125810758?
8
What is the millions digit of 2469931437?
9
What is the units digit of 219646619?
9
What is the ten millions digit of 61313537?
6
What is the hundreds digit of 567591068?
0
What is the hundreds digit of 378564925?
9
What is the millions digit of 37741465?
7
What is the millions digit of 47545283?
7
What is the hundred millions digit of 122705152?
1
What is the hundreds digit of 2477360218?
2
What is the ten thousands digit of 699301034?
0
What is the units digit of 1299840008?
8
What is the ten thousands digit of 510844186?
4
What is the thousands digit of 71838404?
8
What is the tens digit of 650222510?
1
What is the units digit of 847413207?
7
What is the tens digit of 1309444459?
5
What is the ten thousands digit of 5964171?
6
What is the hundred millions digit of 1237746823?
2
What is the units digit of 39525785?
5
What is the millions digit of 29976981?
9
What is the ten millions digit of 105614443?
0
What is the hundred millions digit of 330103856?
3
What is the ten thousands digit of 82921601?
2
What is the hundreds digit of 104561451?
4
What is the thousands digit of 275096640?
6
What is the hundred thousands digit of 180807806?
8
What is the ten thousands digit of 1236503554?
0
What is the tens digit of 1527184?
8
What is the tens digit of 327750749?
4
What is the units digit of 573220798?
8
What is the hundred thousands digit of 62852345?
8
What is the thousands digit of 64664966?
4
What is the hundreds digit of 306007379?
3
What is the ten thousands digit of 160209439?
0
What is the units digit of 2136030868?
8
What is the ten thousands digit of 357423500?
2
What is the tens digit of 111662122?
2
What is the hundred thousands digit of 3819237779?
2
What is the units digit of 5818630178?
8
What is the ten millions digit of 1505092551?
0
What is the hundred thousands digit of 114580786?
5
What is the billions digit of 1315744877?
1
What is the ten millions digit of 17397031?
1
What is the ten millions digit of 11553545?
1
What is the ten millions digit of 454564607?
5
What is the ten thousands digit of 4180336332?
3
What is the ten millions digit of 409929305?
0
What is the thousands digit of 64261303?
1
What is the millions digit of 269011824?
9
What is the hundred millions digit of 253913817?
2
What is the tens digit of 76043822?
2
What is the hundreds digit of 123848041?
0
What is the thousands digit of 121037473?
7
What is the millions digit of 266609640?
6
What is the hundred thousands digit of 261919842?
9
What is the hundreds digit of 219421450?
4
What is the thousands digit of 13531150?
1
What is the hundred millions digit of 1852065236?
8
What is the ten thousands digit of 258050670?
5
What is the ten thousands digit of 349833877?
3
What is the ten millions digit of 75738272?
7
What is the tens digit of 2832329663?
6
What is the thousands digit of 1357677889?
7
What is the thousands digit of 585669804?
9
What is the hundreds digit of 107834468?
4
What is the ten thousands digit of 2996062530?
6
What is the ten thousands digit of 3734526550?
2
What is the units digit of 426550789?
9
What is the tens digit of 132396113?
1
What is the hundred thousands digit of 317856121?
8
What is the ten millions digit of 850659757?
5
What is the ten thousands digit of 59393927?
9
What is the tens digit of 257394171?
7
What is the tens digit of 537003463?
6
What is the thousands digit of 66538108?
8
What is the mi